12?
-102212120
In base 9, what is 0 - -165418?
165418
In base 8, what is -135770 + 3?
-135765
In base 11, what is -5359 - -11?
-5348
In base 4, what is 230230 + 1?
230231
In base 4, what is 2 + -2010123?
-2010121
In base 3, what is -1110111 - 102022?
-1212210
In base 4, what is 2 - -11321122?
11321130
In base 12, what is -1 + -6a97?
-6a98
In base 6, what is -254 - 51?
-345
In base 12, what is -448 + -292?
-71a
In base 3, what is -12 + -2000002222?
-2000010011
In base 5, what is 111 - 4042233?
-4042122
In base 14, what is -3362 - 8?
-336a
In base 9, what is 5 + -601084?
-601078
In base 2, what is 101010010 - 1000010001101?
-111100111011
In base 8, what is -44522 + 120?
-44402
In base 16, what is -3 - -8d70?
8d6d
In base 7, what is -1642 - -4?
-1635
In base 12, what is 0 + -99b0?
-99b0
In base 3, what is 21020021000112 + -10?
21020021000102
In base 11, what is -202 + 222?
20
In base 14, what is 5 - -904b5?
904ba
In base 14, what is 507b - -4?
5081
In base 13, what is 4 - -3b1387?
3b138b
In base 14, what is 0 + 5a8b9?
5a8b9
In base 4, what is -10 + 101211012?
101211002
In base 4, what is -31132 - 2112?
-33310
In base 9, what is -8 - 11533?
-11542
In base 9, what is -4 + -2478?
-2483
In base 9, what is 27 - 13312?
-13274
In base 12, what is 3 + -2b1201?
-2b11ba
In base 13, what is 103 - -32c9?
33cc
In base 11, what is -6 + -697954?
-69795a
In base 2, what is -1010010111111011 - 0?
-1010010111111011
In base 2, what is -110000 - 11001010010110?
-11001011000110
In base 3, what is 11000201000120 - 11?
11000201000102
In base 14, what is 0 + -326ab?
-326ab
In base 4, what is 10 + -3203222?
-3203212
In base 8, what is -14 - -5700?
5664
In base 8, what is -131 + -67?
-220
In base 13, what is -c + 64a0a?
649cb
In base 11, what is 18 + -3945?
-3928
In base 10, what is 957984 + 4?
957988
In base 16, what is 5b4 + -f?
5a5
In base 12, what is 656 + -3b9?
259
In base 2, what is 1001111000100001101001 - -1?
1001111000100001101010
In base 11, what is -5 - 28806?
-28810
In base 9, what is -35776 - -1?
-35775
In base 13, what is 1a + b1a?
b37
In base 11, what is 476 + -916?
-450
In base 9, what is -1 + 30348?
30347
In base 8, what is -5140 + -113?
-5253
In base 14, what is 32 - -1040?
1072
In base 4, what is 10223 + -100010?
-23121
In base 3, what is -22 - -10020111?
10020012
In base 16, what is 5 + -27b24?
-27b1f
In base 15, what is -2ccd - -9e?
-2c2e
In base 10, what is -36 + 3742?
3706
In base 6, what is 53344 - 44?
53300
In base 10, what is -6586 - -6?
-6580
In base 5, what is -1301134 - -10?
-1301124
In base 13, what is 8cc85 - -14?
8cc99
In base 11, what is -1 + -81a?
-820
In base 5, what is 2110014234 + -1?
2110014233
In base 12, what is -3 + -64396?
-64399
In base 14, what is -1133 + 477?
-a9a
In base 8, what is -47226 + 12?
-47214
In base 5, what is 4400034 - -2?
4400041
In base 2, what is 100000101010 + -1111000?
11110110010
In base 15, what is -b1e + -25?
-b44
In base 16, what is 0 + -1868?
-1868
In base 5, what is 403313 - 10?
403303
In base 14, what is 1c - 563?
-545
In base 7, what is -2146 + 40136?
34660
In base 15, what is -1c00a2 - 3?
-1c00a5
In base 9, what is 330 - 3873?
-3543
In base 12, what is -4 + -9b?
-a3
In base 14, what is -c + 92317?
92309
In base 16, what is 15ecd9 + -4?
15ecd5
In base 2, what is 100 + -1110001010001?
-1110001001101
In base 5, what is 3121203 + 100?
3121303
In base 11, what is -6 + 32162?
32157
In base 15, what is 936 + -d?
928
In base 6, what is 34410 - -21?
34431
In base 14, what is 0 - -9582?
9582
In base 13, what is 39 + -5847?
-580b
In base 3, what is -22222112 + -101?
-22222220
In base 16, what is 9 - -93ae?
93b7
In base 14, what is 8 + -1182?
-1178
In base 7, what is -1 + 15565145?
15565144
In base 6, what is 3500352 + -21?
3500331
In base 9, what is -5 + -285321?
-285326
In base 16, what is b6 + -4b?
6b
In base 3, what is 1101 - -121011122?
121020000
In base 3, what is -22 + 21120020022?
21120020000
In base 15, what is -1 + 40b98?
40b97
In base 3, what is -11202 - 2100212?
-2112121
In base 13, what is 5209 - -7?
5213
In base 6, what is 24550 - 23?
24523
In base 10, what is -1277137 - 5?
-1277142
In base 12, what is 3b + -1061?
-1022
In base 14, what is -d + 2b7?
2a8
In base 8, what is 507 + 55?
564
In base 12, what is -599a3 - 2?
-599a5
In base 9, what is 20533 - -12?
20545
In base 14, what is 89c35 + -4?
89c31
In base 11, what is 3 - 4a87?
-4a84
In base 10, what is -1076 - 21?
-1097
In base 9, what is -2 + 86735?
86733
In base 2, what is 1 + -1110?
-1101
In base 4, what is 11 - 130000102?
-130000031
In base 4, what is -111 - -203010021?
203003310
In base 2, what is 111011101111110 - 1111000?
111011100000110
In base 2, what is 111010100 - 110001?
110100011
In base 11, what is 3 - 55675?
-55672
In base 9, what is -55 - -37240?
37174
In base 13, what is 107a87 + 0?
107a87
In base 3, what is -221011 + 1101?
-212210
In base 4, what is 13322 + 131?
20113
In base 2, what is -11001110000 + -1111?
-11001111111
In base 5, what is -12410 - -340?
-12020
In base 10, what is -220313 + -1?
-220314
In base 12, what is -1130 + -65?
-1195
In base 11, what is a0 - 747?
-657
In base 16, what is 1 + 27?
28
In base 11, what is 1311 - -233?
1544
In base 2, what is -101101001110000000000 + 10?
-101101001101111111110
In base 2, what is -110111110 - -101010000110?
100011001000
In base 10, what is -48 + -43643?
-43691
In base 6, what is -45155550 + -3?
-45155553
In base 12, what is ab - 1461?
-1372
In base 6, what is 31401 + -1?
31400
In base 3, what is -10010 - -11101011?
11021001
In base 16, what is -3 - 9f9e?
-9fa1
In base 12, what is 1531 - -12?
1543
In base 13, what is -4a - -65cc?
6582
In base 3, what is 1112212 - -212110?
2102022
In base 14, what is -2554c + 5?
-25547
In base 10, what is -180 + -2525?
-2705
In base 12, what is 18326 - 1?
18325
In base 6, what is -1 - 213403?
-213404
In base 11, what is -1 + -120936?
-120937
In base 7, what is 14135 - 15?
14120
In base 10, what is 46 + 419?
465
In base 3, what is -2 + 11120101111?
11120101102
In base 14, what is -219 - -8?
-211
In base 4, what is 102313 - 2012?
100301
In base 7, what is -6241 - -16?
-6222
In base 5, what is 4 - 2230044?
-2230040
In base 10, what is -280 + -84?
-364
In base 16, what is 68 + 656f?
65d7
In base 4, what is -1110 + -2330010?
-2331120
In base 7, what is 51230 + -4?
51223
In base 13, what is -3709423 - -5?
-370941b
In base 12, what is 3 - -74b?
752
In base 12, what is -12 + 1a875?
1a863
In base 9, what is -8 - 5350?
-5358
In base 2, what is -10000 - 1111011001110001?
-1111011010000001
In base 3, what is 10 + -12001221202?
-12001221122
In base 2, what is -111 - 101010111110010?
-101010111111001
In base 3, what is -12012001 + -212?
-12012220
In base 2, what is 101 - 10011101111110?
-10011101111001
In base 14, what is 20d56 + -7?
20d4d
In base 3, what is 21102101000 + -11?
21102100212
In base 6, what is 3 + 1303404?
1303411
In base 5, what is -1440 + 2240?
300
In base 15, what is -158 + -19?
-172
In base 13, what is 8 + -214b72?
-214b67
In base 3, what is 220 - -2110?
10100
In base 12, what is 18a75a - 3?
18a757
In base 5, what is -234 + 11332?
11043
In base 8, what is -502153 - 3?
-502156
In base 13, what is 33 + 5366?
5399
In base 11, what is -195 + 47?
-149
In base 5, what is 21021 - -332?
21403
In base 5, what is 10 - -11041?
11101
In base 5, what is 2132431 + -1?
2132430
In base 8, what is -473676 + 35?
-473641
In base 3, what is 202 + 102210222010?
102210222212
In base 10, what is -1334 + 418?
-916
In base 11, what is 36 - 375a6?
-37570
In base 6, what is -11303032 + 4?
-11303024
In base 2, what is -11101100101001010 + 0?
-11101100101001010
In base 4, what is -3211132 + -13?
-3211211
In base 4, what is -10001233310 + 3?
-10001233301
In base 2, what is -11 + 1100111110000110?
1100111110000011
In base 14, what is 1c5 - -168?
34d
In base 2, what is -10 - -100100111101010110100?
100100111101010110010
In base 16, what is 4 + 14a5?
14a9
In base 4, what is -22000 - -3312?
-12022
In base 11, what is -280 - -a55?
785
In base 12, what is 16251 + 7?
16258
In base 2, what is -1 + -1000001011101011?
-1000001011101100
In base 5, what is -3 + 4120424?
4120421
In base 6, what is -2 + 124333?
124331
In base 15, what is 3c62 - -2?
3c64
In base 3, what is 0 + 1221111